etermine r(-1).
-6
Let r(j) = j + 5. Let s be 2 + (-8)/4*1. Calculate r(s).
5
Let r be -18*(5 + -2)/6. Let w = r + 15. Let c(a) = -a**2 + 8*a - 8. Calculate c(w).
4
Let f(z) = -2*z + 1. Suppose -2*o + 3*o = 6. Let q be ((-16)/(-6))/(4/o). What is f(q)?
-7
Let f(o) = -o**3 + 2*o - 1. Let a = -6 - -14. Suppose 2*k = -4*j + k - a, 3*j + 6 = 5*k. Determine f(j).
3
Let x(u) = u**2 + 3*u - 1. Let k(j) = -j**2 - 6*j + 2. Let a be k(-7). Calculate x(a).
9
Let f(l) = -4*l**3 - 3*l + 1. Let i(g) = 5*g**3 + g**2 + 4*g - 2. Let q = -12 + 6. Let n = -3 - q. Let y(z) = n*i(z) + 4*f(z). What is y(2)?
2
Let p = -1 - -1. Let a(q) = q + 4. Calculate a(p).
4
Suppose a + 2*a - 6 = 0. Let f(y) = -5*y + 0*y**2 + y**3 + 4*y**a + 3 + 0*y + 2. Suppose 0 = 4*d + d + 25. What is f(d)?
5
Suppose 5*z - 5 = 0, -4*s + 2*z + 0*z = 18. Let g(r) = -r**2 - 3*r - 3. Give g(s).
-7
Let c(i) be the third derivative of -3*i**2 - 1/60*i**5 + 0*i - 1/6*i**4 + 0 - 1/2*i**3. Determine c(-5).
-8
Let r(y) = y**2 - 5*y. Let z(g) = g + 1. Let w(j) = -r(j) - 2*z(j). Calculate w(-3).
-20
Let o(q) be the second derivative of -1/12*q**4 + 0 - 2/3*q**3 + 2*q + 5/2*q**2. Suppose 2*t = t - 5. Give o(t).
0
Let h(w) = 37*w - 12*w - 11*w. Determine h(-1).
-14
Let i(p) = -6*p**3 - 1. Let x(b) = -b + 7*b + 4 + 0 + b**3 + 6*b**2. Let d be -5*(1 - -3)/4. Let s be x(d). What is i(s)?
5
Let b be -2 + 3 + (1 - 0). Let i = 0 + b. Let p(w) = -w**2 - 2 - 2*w**2 - 2*w**2 + 3*w**2 + w**3. What is p(i)?
-2
Let d(p) = p**3 + p**2 + p - 1. Suppose 0 = 2*t + 2. Let m be (0 - t - 5)/2. What is d(m)?
-7
Let h(u) = u**2 + 4*u - 5. Let g = 37 + -42. Calculate h(g).
0
Let y(a) = 3*a - 3. Let f be y(2). Let m(w) = 3*w**2 - 4*w**2 + 0*w**2 - 3*w + f. Calculate m(-3).
3
Let x(z) = -z**2 + 3. Let l be x(0). Let f(i) = -i + i - 5*i + 4*i + l. Calculate f(-3).
6
Let q be 12/7 + (-2)/(-7). Let h(s) be the second derivative of 1/6*s**3 + 0 + 5*s + s**2. Give h(q).
4
Let s(r) be the third derivative of 0*r - 1/60*r**5 - 1/6*r**3 + 0 + r**2 + 0*r**4. Calculate s(-1).
-2
Let n(p) be the first derivative of 1/3*p**3 + 3*p**2 + 2 + 2*p. Let f(k) = -k**3 - 8*k**2 - 7*k - 5. Let o be f(-7). Give n(o).
-3
Let m be (-1)/(2 + (-22)/10). Let d(b) = 2*b**3 + 4*b**2 + 2*b + 6. Let h(a) = -a**3. Let j be -2 - (-4 + (0 - -1)). Let p(v) = j*d(v) + 3*h(v). Give p(m).
-9
Let z(q) be the second derivative of q**4/12 - 5*q**3/6 + q**2 - 8*q. Suppose -2*f + 9 = 3*j - 0*j, 0 = -4*f. Give z(j).
-4
Suppose 4*q + 27 = -3*z, q - 4*q + 16 = -5*z. Let f(i) = -i**2 - 4*i - 2. What is f(z)?
-7
Suppose -5*d + 0*d + 5 = 0. Let t(c) = -2*c**3 - d + c**2 + c**3 - 2*c + 0 - 4*c**2. Determine t(-2).
-1
Let u(g) = 7*g**3 - g**2 - 2*g - 1. Suppose -3*c - 5*i - 8 = 0, 2*i = 4*c - i + 1. Calculate u(c).
-7
Let i(q) = 5*q + 9. Let a = -4 + 4. Suppose -u + 7 = -a*u. Let o(b) = -9*b - 17. Let y(c) = u*i(c) + 4*o(c). Calculate y(-4).
-1
Let v(w) = w**3 + 4*w**2 - 2*w. Let t(y) = -3*y**3 - 9*y**2 + 4*y. Let s(r) = -2*t(r) - 5*v(r). What is s(2)?
4
Let a be 0/(-1) + (3 - 0). Let k(w) = -w**2 - a*w**2 - 2 + 5*w**2 + 3 - 2*w. What is k(1)?
0
Let p(d) = d - 7. Let q be p(5). Let k(j) = j**3 + 3*j**2 + j + 1. Let r(a) = -a. Let g(x) = -k(x) - 3*r(x). Calculate g(q).
-9
Let g(j) = j - 19. Let p be g(16). Let a(f) = f**2 + 3*f - 1. Calculate a(p).
-1
Let k = 29 + -32. Let n(d) = -d**2 - 4*d - 3. Give n(k).
0
Let t be (-4 + 2)/((-4)/10). Let f(b) = -2*b + 3*b**2 - t + 2*b - b - 2*b**2. What is f(4)?
7
Suppose 0 = -b + 3*k + 4, 0 = 2*k. Suppose -f + b = -0. Let l(s) = 2*s - 1 - f + 0. Determine l(4).
3
Let b(r) = 7*r + 1. Let j(z) = 3*z**2. Let n be j(1). Let x(h) = h + 3. Let u be x(-3). Suppose 5*q + 2 + n = u. Calculate b(q).
-6
Let r(c) = c**2 + 2*c + 1. Let o be r(-1). Suppose 5*k = -o*k - 20. Let z be ((-4)/(-2) + k)*1. Let p(g) = -2*g + 2. Give p(z).
6
Let p(h) = 3*h**3 + 6*h**2 - 3*h + 12. Let t(y) = -4*y**3 - 6*y**2 + 3*y - 13. Let o(v) = 5*p(v) + 4*t(v). Calculate o(6).
-10
Let o(l) = 13*l**2 - 4*l + 3. Let u(t) = -3*t**2 + t - 1. Let q(m) = -2*o(m) - 9*u(m). What is q(3)?
9
Let y(g) be the second derivative of g**5/20 + 5*g**4/12 - 7*g**3/6 - 5*g**2/2 + g + 1. Determine y(-6).
1
Let z(i) be the first derivative of 6*i - 3/2*i**2 + 1. Determine z(5).
-9
Let r(g) = 7*g**2 + g - 4. Let d(w) = 8*w**2 + w - 5. Let o(a) = -6*d(a) + 7*r(a). Suppose 11*t - 2 + 24 = 0. Determine o(t).
4
Let r = -35 + 39. Let l(u) = -u**3 + 4*u**2 - u - 4. Give l(r).
-8
Let w(t) = 3*t**2 + 2*t. Let r(s) = 4*s**2 + 3*s. Let u(b) = -5*r(b) + 7*w(b). Suppose -4 = -h - 0. Suppose -3*c = -h*c + 1. Calculate u(c).
0
Suppose 0*s - 5*s = 35. Let n = -4 - s. Let h(a) = -n + 5 + 3*a + 0. What is h(-3)?
-7
Suppose -6*i = -7*i + 2. Let s(o) = -2*o**i - 3*o**2 + 2*o**2 - 5 + 2*o**2 + 5*o. What is s(5)?
-5
Let c(l) = -10*l + 13. Let i(n) = -9*n + 12. Let t(s) = -5*c(s) + 6*i(s). Calculate t(6).
-17
Suppose 3 = -q - 5*y, 0 = 3*q - q + y + 6. Let d(a) = a**3 + 4*a**2 + 3*a - 3. What is d(q)?
-3
Let x(y) = 99*y**2 + 55*y + 55. Let n(k) = -7*k**2 - 4*k - 4. Suppose -u - 52 = -w - 4*u, -2*u - 57 = -w. Let m(z) = w*n(z) + 4*x(z). Calculate m(-1).
11
Let f = 50 + -48. Let w(x) be the first derivative of 0*x - 3 + 1/2*x**f - 1/3*x**3. Determine w(1).
0
Let p(j) be the second derivative of j**4/12 + 5*j**3/6 + 5*j**2/2 + 3*j. Suppose -5*z + 2*g - 24 = -z, 0 = 4*z - 4*g + 28. What is p(z)?
5
Let n(w) = 10. Let k(f) = -f - 20. Let h(q) = 3*k(q) + 5*n(q). What is h(-7)?
11
Let o(j) = 2*j**2 - 2 - 5*j**2 - 1 - 4*j - 2*j**2. What is o(-2)?
-15
Let x(l) be the first derivative of l**3/3 - 3*l**2 - 3*l - 11. Determine x(5).
-8
Let q(d) = -2 + 4 + 0*d + 3*d - 4*d. Suppose -2*b - 2*y + 6*y = -32, 5*b - 40 = 2*y. Suppose b = 4*n - 6. Give q(n).
-1
Let j(o) = o**3 - 3*o**2 - o + 3. Let i be j(3). Suppose 8*p - 9*p + 6 = i. Let u(g) = g**3 - 5*g**2 - 6*g - 7. Determine u(p).
-7
Suppose 2*y + 11 = 5*l + 5, 16 = 4*y + 4*l. Suppose 6*d = y*d. Let m be (d/(-2))/(-1 - -3). Let i(b) = b - 5. Determine i(m).
-5
Let l(d) be the first derivative of 0*d**3 - 1 + 0*d + 0*d**2 - 1/4*d**4. Calculate l(-1).
1
Let j(b) = -b**2 - 5*b + 3. Let d be j(-5). Suppose -18 - 2 = -5*l. Suppose l*w = -4*k, k = d*w - 0*k + 8. Let m(q) = -q**2 - 3*q - 3. Give m(w).
-1
Let q be 1 - (-4 - (-1 + 0)). Let k(v) = -v + 4. Let u be k(q). Suppose 3*p + u*p = 0. Let b(a) = a + 8. Determine b(p).
8
Let w be 12/(-8)*(-16)/6. Suppose -w*z = -7*z + 9. Let v(c) = 5*c + 2*c**3 - z*c**2 - 3*c**3 - 1 - 2. Calculate v(-4).
-7
Suppose 0 = 3*s - 6*s + 12. Suppose -s*p - 10 = -2*p. Let f(o) = -2*o - 5. What is f(p)?
5
Let l(y) = y + 1. Let a(p) = -13*p - 7. Let w(f) = a(f) + 6*l(f). Suppose 0 = -3*k + 1 - 4. Give w(k).
6
Suppose 0 = 3*k - x - 2*x, -x + 4 = k. Let p(a) = a**2 + 2 - a**3 - 5*a**k + 5*a + 0*a**2. Let d = -12 - -7. Determine p(d).
2
Let k(z) = -5 + 2 - z + 5*z - 2. Suppose 5*y + 21 + 4 = 0. Let u(s) = -2*s + 2. Let h(v) = y*u(v) - 2*k(v). Calculate h(-2).
-4
Let k be (-9)/2*4/6. Let y = 3 + k. Let u(b) = y*b - 2 + 2*b + 0*b + 5. Calculate u(-5).
-7
Suppose -5*d = -20, -2*d - 3 + 11 = -f. Let i(u) = 3*u**3 + u**2 - 2*u - 1. Let r(k) = -7*k**3 - 2*k**2 + 5*k + 2. Let g(j) = -5*i(j) - 2*r(j). Give g(f).
1
Suppose -2*l + 3*k + 2 = -0, -5*l = -3*k - 14. Let i(y) = -2*y + 4. Determine i(l).
-4
Let j(m) = -3*m**2 - m**2 + 3*m**2 - 2*m. Let d(p) = p**3 - 2*p**2 - 2. Let l be d(2). Calculate j(l).
0
Suppose -10*q - 5 = -15*q. Let f(u) = -8*u. What is f(q)?
-8
Let v(x) be the second derivative of -5*x**3/6 + 3*x**2/2 - 4*x. Calculate v(3).
-12
Let u(s) = -s - 2. Let t be u(-5). Let g(z) = z - 4*z**2 - 4*z**2 + t + 7*z**2. Determine g(3).
-3
Suppose 2*f + f = 0. Let w(k) = -k**2 + 8. Determine w(f).
8
Let p(l) be the first derivative of -l**3/3 + 2*l**2 - l - 2. Let z be p(3). Let s(a) = -3*a**3 - 5*a**z + 4*a**2 + 0*a**2. What is s(-1)?
2
Let t be -4 + -2*(-1)/(-2). Let f = 1 - t. Let r(q) be the second derivative of -q**4/12 + 7*q**3/6 - 2*q**2 - 46*q. Determine r(f).
2
Suppose 0*u = 5*u - 20. Let w(j) = -6*j**2 - 5*j - 4. Let b(o) = 5*o**2 + 4*o + 3. Let q(g) = u*b(g) + 3*w(g). Calculate q(-1).
1
Let s(r) = 16 - 8 + 6*r - 11 - r**2. What is s(2)?
5
Let o(f) be the third derivative of f**4/8 + 2*f**3/3 - 4*f**2. Calculate o(-6).
-14
Let g(s) be the third derivative of s